+ 923562 = 0, 1160*z - 1162*z + w + 615687 = 0. Is z prime?
False
Let o(t) = -65*t**2 - 5*t + 2. Let q(c) = -97*c**2 - 7*c + 3. Let y = 11 + -4. Let b(h) = y*o(h) - 5*q(h). Is b(-3) a composite number?
False
Suppose -462*k + 31611 = -465*k. Let p = 4162 - k. Is p a prime number?
True
Let t be 16629/24 + 3/24. Suppose -4*z + 4 = 0, z + t = h - 0*z. Is h a composite number?
True
Is (12182912/70 - 10/(-25)) + (5 - 0) composite?
False
Is (-56312361)/(-18) + -6 + (-36)/24 a prime number?
False
Let t = -5 - -7. Let m(c) = -3*c - c - c**3 - c - 2 + 4*c - 3*c**t. Is m(-5) composite?
False
Let c(p) = -19*p**3 + 8*p. Suppose -n - 5 - 15 = 4*l, 0 = l - 3*n + 5. Is c(l) prime?
False
Let m(w) = 2*w + 6 - 4*w - 10 + 2101*w**2. Is m(-1) composite?
False
Suppose -3*p + 753985 = 2*b, -48*b + 1256700 = 5*p - 53*b. Is p a prime number?
False
Suppose -5*s - 3*d = -1979, 0*s + d = -4*s + 1579. Let a(h) = h**3 - 7*h**2 + 7*h + 6. Let x be a(6). Suppose x*t - 2278 = -s. Is t a composite number?
False
Is 1 - -16599 - (-222 + 219) a prime number?
True
Suppose 0 = 2*z - 3*c - 102431, -5*c - 102429 = 33*z - 35*z. Is z prime?
True
Is (-2474922)/(-8)*(-1012)/138*(-12)/33 prime?
False
Suppose -5*y = 25, 5*c - 389220 = 11*y - 6*y. Is c a composite number?
False
Let v(x) = -227*x**3 + 34*x**2 + 397*x + 59. Is v(-10) composite?
True
Let k = -2088 - -3982. Suppose 1889*f + 32495 = k*f. Is f a composite number?
True
Let m be -6691 + ((-28)/42)/(1/6). Let v = 32846 - m. Is v a prime number?
True
Let x = 308657 - 180330. Suppose -x + 7129 = -14*r. Is r a composite number?
True
Suppose 6*x - 334030 = 253148. Is x prime?
False
Is (-6)/(-14 + (-12571520)/(-897970)) a prime number?
True
Let w(a) = -3*a + 47. Let n be w(13). Suppose -14*l + n*l = -2130. Is l a composite number?
True
Suppose 0 = -5*j - 54*b + 51*b + 325912, -130369 = -2*j + 3*b. Is j a prime number?
True
Let w be (-1 - 53)*(2 - 33). Let a be (24428/(-10))/((-3)/15). Suppose -a = -5*y + r, -770 = -y - r + w. Is y a composite number?
True
Suppose 0 = 5*w + 2*g - 7*g - 106435, 4*g + 63858 = 3*w. Suppose 2*l - w = -3*l. Is l a composite number?
True
Suppose -55 = f + 4*f. Let x = f - -11. Suppose x = 33*t - 27*t - 10410. Is t prime?
False
Suppose -3*s + 25 = -r, 0 = -2*s + 2*r + 1 + 13. Is (s - (2 - -2)) + 2 + 2574 a composite number?
True
Let i be 0 + 1 + 2 - (-1436)/4. Suppose 0 = -12*p + 2*p - 2170. Let o = p + i. Is o a prime number?
False
Suppose -71*k + 8517587 = -27371564. Is k composite?
False
Suppose 14039341 = -152*d + 74*d + 41390587. Is d a prime number?
True
Let a(b) = -60*b**3 - 7*b**2 - 34*b - 19. Is a(-4) a composite number?
True
Let o(x) = 2*x**3 + 39*x**2 - 30*x - 62. Is o(15) a composite number?
False
Suppose -7*i - 444397 = -24*i. Is i a composite number?
False
Suppose 3*h + 5*z - 6256 = 0, 3*h + h - 8320 = 4*z. Suppose 16*q - h = 15*q. Is -7 - -6 - q/(-1) a composite number?
False
Suppose 2895356 = 19*v - 4861. Suppose 0 = 3*u + a - 91589, u = -4*u + a + v. Is u a composite number?
False
Let n(a) = -a**3 + 31*a**2 + 27*a + 40. Suppose -q + 3*t = 4*q - 158, -2*q + 66 = -4*t. Is n(q) composite?
False
Let m(w) = -195*w - 435. Let o be m(-25). Let g(l) = 500*l - 1. Let t be g(-5). Let v = o + t. Is v prime?
False
Is (-6785100)/(-297) - (-6)/11 a composite number?
True
Suppose z = -5*a + 43847, -7*a - 2*z + 35074 = -3*a. Suppose 111177 = -0*b + 11*b. Suppose -5*v - m = -b - 870, 5*m + a = 4*v. Is v prime?
False
Let p be -23467 - 4/(-6)*(-22 + 16). Let l = -11416 - p. Is l a composite number?
True
Let x = -4590 - -4598. Suppose j - 2 = 0, 0 = h - 0*j - 5*j + 8. Suppose -5682 = -x*n + h*n. Is n prime?
True
Let w = -6 + 10. Let r be 0/(-9) + (w - 1). Is (0 - -1) + r/(21/1750) a composite number?
False
Suppose s = 2*a + 1259225, 4*s + 2*a - 1695581 = 3341349. Is s composite?
False
Let a(u) = -3*u**3 - 7*u**2 + 2*u + 1. Let q = -63 + 31. Let z = q - -27. Is a(z) a composite number?
False
Suppose m + 2*n + n = -6, 3*m - 42 = 3*n. Let o(g) = 10*g**3 + 2 - 3 + 7*g + m*g**3 - 4*g**2. Is o(3) composite?
True
Suppose 2*o - 4*x = 0, -40 = -3*o + 2*x - 6*x. Suppose -o*m = -4811 - 15837. Is m a composite number?
True
Suppose 416245 = 7*f + 10*f. Suppose 0 = 5*i - 10*i + f. Is i composite?
True
Let l(c) = -c**3 - 22*c**2 - 23*c - 42. Let j be l(-21). Suppose -p = 2, 4*w + j*p - 11744 = 2*p. Is w prime?
False
Let q(b) = 7 - 3 + 231*b**2 + 18*b + 0 - 9. Is q(-8) a prime number?
False
Suppose k - 921*g - 80932 = -916*g, 3*g - 323567 = -4*k. Is k a prime number?
True
Suppose -28*d + 98*d - 4434589 - 27750781 = 0. Is d prime?
True
Suppose -4*q + 2*c = -920840, -3*q - 41*c = -39*c - 690651. Is q a composite number?
False
Let p(c) be the third derivative of 17*c**5/60 + c**4 - c**3/3 - 8*c**2. Let j(b) = -33*b**2 - 47*b + 3. Let u(q) = -3*j(q) - 5*p(q). Is u(-6) a prime number?
True
Is (-29983)/2*(4 + -6 + 0) prime?
True
Suppose 4*t - 5*t = 3*x - 30, 0 = x - 4*t - 23. Suppose -58 - x = -3*q. Is q prime?
True
Let z be ((-10)/40*2)/((-1)/11036). Suppose -19*n = -6661 - z. Is n composite?
False
Let o = -4204 + 1899. Let b be (-2)/6 - (-12119)/(-3). Let s = o - b. Is s prime?
False
Let z = 12988 - -16208. Suppose -28278 = -18*f + z. Is f prime?
False
Suppose 3*j - 5*c - 9317 = 0, c - 10363 - 5184 = -5*j. Is j composite?
False
Suppose -128*b + 138*b + 5020 = 0. Let v = 375 - b. Is v a composite number?
False
Let w(z) = 50*z**2 - 45*z - 17. Let a be w(8). Let j = -1249 + a. Is j prime?
False
Let g = 83 + -83. Suppose 3*i + 5*m = -0*i - 25, -4*i + 3*m + 15 = g. Suppose -5*l + 15 = i, w + 0*w - 2*l - 199 = 0. Is w prime?
False
Let k = 179 - 171. Is (k/32)/(2/5464) prime?
True
Let g(m) = 2*m**2 + 7*m - 7. Let i(a) = 4*a**2 + 14*a - 15. Let b(w) = -7*g(w) + 4*i(w). Let h be b(-9). Let s = 31 + h. Is s prime?
False
Suppose 0 = -2*f + 2, 0 = -102*d + 103*d + 5*f - 398212. Is d prime?
True
Suppose -5*d + 2*z - 43 = 0, 31 = -5*d - z - 15. Let x be d/3*(-3 - 85/(-3)). Is (4 - x/(-8))*-58 a prime number?
False
Is (-12)/(-8)*(171124/(-3))/(-2) a prime number?
False
Suppose 0 = 2*r - 9*v - 265129 - 213018, r - 239066 = 3*v. Is r prime?
False
Let k = 40 + -30. Suppose k = -79*w + 77*w. Is (25/5)/w*(-785 - 2) composite?
False
Suppose 26*s - 1014225 = 23*s - 4*p, s - 338068 = p. Is s prime?
False
Suppose 76 - 26 = c + 4*s, -c + 5*s + 59 = 0. Suppose 4*p - c = -10. Suppose -527 = p*q - 2958. Is q a composite number?
True
Let i(r) = 176*r**2 + 10*r + 13. Is i(-8) a composite number?
False
Let c(z) = -11*z + 145. Let o be c(13). Suppose -r - o*r + 5*l = -22784, 4*l + 4 = 0. Is r a composite number?
True
Suppose -g - 5*p + 9 + 3 = 0, 4*p = -4*g + 16. Let k be 5 + -4 + g*-2. Is (k - -5)/2*1061 a composite number?
False
Suppose 35*n = 39*n - 4. Is ((-3)/1)/n - -2056 - 2 composite?
True
Let z(i) = -19 + 9*i + 10*i - 17. Suppose -u + 14 = 1. Is z(u) prime?
True
Let v(b) be the first derivative of -b**3/3 + 15*b**2/2 + 6*b + 21. Let n be v(15). Suppose n*o - 3*o = 894. Is o composite?
True
Suppose 15*g = 20*g. Suppose 5*p + 25 + 80 = -3*i, g = -p + 5*i + 7. Let v(b) = 3*b**2 + 20*b - 29. Is v(p) a composite number?
True
Let j(t) be the first derivative of t**4/4 - 11*t**3/3 + 5*t**2/2 - t - 1. Let z = 2209 + -2194. Is j(z) a prime number?
False
Let k(a) = 2518*a - 137. Let n be k(26). Is n/11 + (-68)/374 a prime number?
True
Suppose -1578*q + 1645*q - 6599969 = 0. Is q composite?
False
Let d be ((-18)/10 + 3)/((-6)/15). Is 0 - (d + 5) - -3353 a prime number?
False
Suppose 5*v = 6*v - 5. Suppose -4*k + v*n = -4302, k + 4*n = -4*k + 5357. Is k composite?
True
Let x(y) = 4*y - 24. Let m be x(7). Let n be m - 8 - 510 - 3. Let w = 779 + n. Is w a prime number?
False
Let z = 123216 - 61015. Is z a composite number?
False
Is (-1454 + 1425)/((-3456)/(-3457) + (0 - 1)) a composite number?
True
Let l = -4562 + 197. Let k = 79197 + l. Is ((-4)/6)/((-32)/k) a prime number?
True
Let v = 74 + -70. Suppose -z - 26225 = -4*g + 2*z, 3*g + v*z = 19675. Is g a prime number?
False
Let r be (-50)/(-4)*(-1 + 3). Let v = r + -13. Is (-1)/(-3) - (3184/v)/(-2) prime?
False
Let d(o) = -409*o - 340. Let g be d(10). Let w = 35535 - g. Is w prime?
False
Suppose 0 = 4*y - 2*a - 10, -y + a - 6*a = -8. Let j be y/12 + (-561)/(-12). Suppose 48*b - j*b = 95. Is b a prime number?
False
I